et o be (7/3)/((-12)/72). Let k = -10 - o. What are the prime factors of k?
2
Suppose 2*r = -2*r + 444. Suppose -2*j = 4*i - 66, -4*j + 9 + r = -4*i. What are the prime factors of j?
31
Let u = -13 + 15. Suppose -u = 5*i - 37. List the prime factors of i.
7
Suppose -2*o = 4*n - 8, -3*o + 14 = -4*o + 4*n. Let a be (-3 + 1)/(o/20). Let v = -14 + a. List the prime factors of v.
2, 3
What are the prime factors of (-3)/4 - (4 - (-2092)/(-16))?
2, 3, 7
Let y be (1 - -19)*21/2. Suppose -2*a = a - y. Suppose -a = -5*u + 2*i + 3, 4*u - 60 = 2*i. What are the prime factors of u?
13
Let i(z) = -z + 12. Suppose g = 2*g. Let s be i(g). Suppose -4*n + 28 = -4*y, -n + s + 10 = 2*y. List the prime factors of n.
2, 3
Suppose 3*q + 6 = -51. Let u be -3*(-4)/(12/q). Let d = 29 + u. List the prime factors of d.
2, 5
Suppose 1 + 2 = q, -4*q - 30 = -d. What are the prime factors of d?
2, 3, 7
Suppose 5*z + 742 = 3*d - 82, 1080 = 4*d - 2*z. What are the prime factors of d?
2, 67
Let l be (0 + -1)/(1/(-5)). Let h(c) = 3*c - l*c - 3 - 1. List the prime factors of h(-4).
2
Let r = -52 + 76. List the prime factors of r.
2, 3
What are the prime factors of 2899/78 - 5/(-6)?
2, 19
Suppose 0 = -4*o + 10 + 6. Suppose -9 = -o*j + 23. What are the prime factors of j?
2
Suppose 3*t - 3*a + 6 - 3 = 0, -4*t = -3*a + 5. Let y be ((-3)/t)/(3/8). Suppose -3*i - 43 = -y*k, -i + 30 = -k + 6*k. List the prime factors of k.
7
What are the prime factors of 1/(-1 + (-24)/(-21))?
7
Suppose 8*k - 4*k - 4 = 0. Let h = k + 22. What are the prime factors of h?
23
Let q = 94 + -61. Suppose -i = -0*i - q. List the prime factors of i.
3, 11
What are the prime factors of 0 + (3 + -2 - -305)?
2, 3, 17
Let k be (-1)/(-1) - (5 + -2). What are the prime factors of (k/4 + -2)*-6?
3, 5
Let b = -59 + 88. What are the prime factors of b?
29
Suppose 6*r = 3*r + 4*c + 244, -2*r + 166 = -c. What are the prime factors of r?
2, 3, 7
Suppose 4*o - r - 8 = 4*r, o - 2 = -5*r. Suppose o*w - 2 - 1 = 5*n, -5*n + 9 = w. Suppose 17 = g + w. List the prime factors of g.
13
Suppose -36 = 2*w + 2*w. Let f(u) = -u**3 - 9*u**2 - 6. Let c be f(w). List the prime factors of (16/(-10))/(c/45).
2, 3
Let y = 18 + -13. Suppose -1 = -g + y*u, u + 2*u + 93 = 5*g. What are the prime factors of g?
3, 7
Let g(r) = -24*r - 12. Let v be g(-6). Suppose 2*s - v = -s. What are the prime factors of s?
2, 11
Let l = 18 + -7. List the prime factors of l.
11
Let a = 222 - 115. What are the prime factors of a?
107
Let z = 6 - 9. Let s(j) = -j**2 - 8*j - 2. List the prime factors of s(z).
13
Suppose d = -d + 3*w + 17, -w = 3. Let m = 6 - d. What are the prime factors of m?
2
What are the prime factors of 2/(-7) + 0 - (-555)/7?
79
Let n(z) = 2*z**3 + 2*z**2 - 8*z + 4. List the prime factors of n(3).
2, 13
Let m(x) = -3*x + 1. Let b be m(-2). Suppose 4*g - 4*t - 1 - b = 0, 5*g - 8 = 3*t. Let y = 4 + g. What are the prime factors of y?
5
Let j = 16 - 10. Suppose -g + 4*g = j. Suppose -3*i + 3*a + 9 = 0, -i - 3*i = g*a - 30. List the prime factors of i.
2, 3
Let o = -8 - -10. Suppose -r - 2*r + q = -19, 3*r = -o*q + 25. List the prime factors of r.
7
Let u be (-152)/(-32) - (-2)/8. Let t = 20 + u. Let p = 41 - t. What are the prime factors of p?
2
Let t be 301/105 + (-4)/(-30). Suppose -3*u + 3 = -t. Suppose -u*y - 5*s = -y - 23, 3*y - 21 = -3*s. What are the prime factors of y?
3
Let a be (-26)/(-39)*111/2. Suppose -4 = 3*n - 7*n. Suppose -5*t - 50 = -5*q, -5*t + a + n = 3*q. List the prime factors of q.
11
Let a = 20 - -5. What are the prime factors of a + (-9)/(3 - 0)?
2, 11
Suppose 2*u = -5*h - 101, h = 3*u - 3 - 24. Let n be -38*(h/(-6))/(-7). Suppose -n + 57 = 2*x. What are the prime factors of x?
19
Let p be -8*5 + (-4 - -2). Let d = p - -77. What are the prime factors of d?
5, 7
Let v(f) = -f**3 - f**2 + 5. What are the prime factors of v(0)?
5
Let o = 132 - 29. List the prime factors of o.
103
Let h be (-1)/(3/(-18)) + -3. Suppose -4*z + 2*z + 71 = h*x, 97 = 4*x + 5*z. List the prime factors of x.
23
Suppose x - 5*o + 2 = -0, 0 = -x + 2*o + 4. List the prime factors of x.
2
Let v(q) = -q**2 - 7*q - 1. Let l be v(-5). Let d = l - -6. List the prime factors of -6*(d/(-9) + 1).
2
Let s = -13 - -92. List the prime factors of s.
79
Suppose -a - 8 = a. Let k(h) = -3*h + 2. What are the prime factors of k(a)?
2, 7
Let q(p) = p**2 + 6*p + 2. Let u(d) = 2*d + 8. Let k be u(-7). Let v be q(k). What are the prime factors of v/(-2) - 1*-13?
2, 3
Let p(x) = 3*x**2 - 1. Let d be p(1). Suppose 0 = -d*z + 3*z + 4*r - 17, -4*z + 48 = -4*r. List the prime factors of z.
13
Let x(f) = -f**3 + 9*f**2 + f - 6. Let h be x(9). Suppose -32 = h*b - 8*b - 4*m, -m + 23 = 5*b. List the prime factors of b.
2
Let c(u) = 5*u + 0*u + 1 + u. What are the prime factors of c(4)?
5
Let v(n) = n**3 + 8*n**2 - 6*n + 12. What are the prime factors of v(-8)?
2, 3, 5
Let g(w) = -w**3 + 6*w**2 + 2*w - 6. Let n be -2*4/8 + 7. List the prime factors of g(n).
2, 3
Let y(q) = -q**2 - q - 43. Let h(f) = -f**2 - f - 44. Let s(i) = 2*h(i) - 3*y(i). What are the prime factors of s(0)?
41
Let x be -2 - -2 - (-2 + 16). Let z = -10 - x. Suppose -z*q = 3*f - 33, 2*q = -3*f + f + 16. What are the prime factors of q?
3
Let z be 1074/10 + 4/(-10). Suppose -5*j - d = 15 - 127, -5*d = -4*j + z. List the prime factors of j.
23
Let s(d) = -2*d**3 - 8*d**2 - 5. Let a(u) = 5*u**3 + 23*u**2 + u + 16. Let o(w) = -3*a(w) - 8*s(w). What are the prime factors of o(6)?
2, 5
Let w(i) = -5*i**3 - 2*i**2 + i + 2. What are the prime factors of w(-2)?
2
Let n = 671 + -431. What are the prime factors of n?
2, 3, 5
Let t(m) be the first derivative of -m**2/2 - 3*m - 2. Let u be t(-6). Suppose 0*a + 3*a - u = r, 4*a - 5 = r. What are the prime factors of a?
2
Let q(g) = -g**2 - 5*g - 2. Let m be q(-7). Let z = m + 39. List the prime factors of z.
23
Let b = 49 + 0. List the prime factors of b.
7
Let u(y) = y**3 + 8*y**2 - 9*y + 12. Let w = -12 + 3. List the prime factors of u(w).
2, 3
Let k = 13 + -2. Suppose -2*f + k + 5 = 0. Suppose -4*p + 8 = -f. What are the prime factors of p?
2
Suppose 0 = -2*d + 55 - 11. What are the prime factors of d?
2, 11
Let k = -8 + 13. Suppose -2*r + s + k = 2*s, r + 5*s + 20 = 0. Suppose r*c + h = 33, 0 = -4*c + 2*h + 32. List the prime factors of c.
7
Suppose -44 = 2*h - i, -3*h + 5*i - 80 = -0*h. What are the prime factors of -1 - 1/(2/h)?
3
Suppose -2*d = u - 2 - 3, -5*u = -d - 14. Suppose u*q - 45 = 39. List the prime factors of q.
2, 7
Let w be (47/2 + -2)*2. Let m = w - 25. Suppose 18 + m = 4*z. List the prime factors of z.
3
List the prime factors of (-927)/(-15) - (-7)/35.
2, 31
What are the prime factors of ((-63)/6)/7*-12?
2, 3
Let l = -278 - -524. List the prime factors of l.
2, 3, 41
Suppose -351 = -0*n - 4*n + 3*c, 4*c + 20 = 0. List the prime factors of n.
2, 3, 7
Suppose -3*x = -4 - 20. Suppose -3*q + 13 + x = 0. Suppose q*b = 3*b - 5*t + 64, t = -3*b + 37. List the prime factors of b.
11
Suppose 3*m = 4*m. Let j be 14/(-5)*(m + -5). Suppose 0 = -a + 5*d + 38, -53 = -4*a + 3*d + j. List the prime factors of a.
13
Suppose -v + 3 = 5*u, 5*u = -4*v - 0 - 3. Let z be (v + 2)/(3/3). Suppose -2*j + 10 - 4 = z. List the prime factors of j.
3
Let c(y) = y**2 - 10*y + 9. Let q = 1 - -8. Let h be c(q). Suppose 0 = 4*k - h*k - 32. List the prime factors of k.
2
Suppose -2*h + 7 = 1. Suppose 2*w + 0 = -2, 62 = h*l + 4*w. List the prime factors of l.
2, 11
Let f be 3*(-2)/6*-28. Let j = 61 - f. List the prime factors of j.
3, 11
Suppose -9*l + 770 = -2*l. What are the prime factors of l?
2, 5, 11
Let c(v) = 3*v**2 - 3*v + 3. Let p be c(3). Let k = -36 + p. List the prime factors of 1*(-4 - -1 - k).
2, 3
Suppose 4*u - 4*v = 32, u - 52 = -4*u + 2*v. List the prime factors of u.
2, 3
Let k(m) = m**3 + 6*m**2 + 3*m - 1. Let p be k(-4). Suppose 0 = -0*l + l + p. Let o = l - -28. What are the prime factors of o?
3
Let x(u) = -u**3 + 5*u**2 + 4*u - 6. Let t be x(5). List the prime factors of (-700)/(-49) + (-4)/t.
2, 7
Let c = 7 + -4. Suppose -4*z = -c*j + 55, -5*z + 2*z = -5*j + 77. List the prime factors of j.
13
Suppose 17*z = 22*z - 430. List the prime factors of z.
2, 43
Let u(i) = -i**2 - 8*i - 1. Let r be u(-6). Let m = 1 + r. List the prime factors of m.
2, 3
Let o = -80 - -46